 and c.
15
Suppose 3*x - 8 = 16. What is the greatest common divisor of 32 and x?
8
Suppose 0*u - 2*u = 3*z - 6, 3*u - 6 = -3*z. Let x = u - -2. Let l be (0 - -5) + 1 - x. Calculate the highest common divisor of 12 and l.
4
Let j = 7 + -3. Let b be 208/20 - j/10. What is the highest common divisor of 25 and b?
5
Let o = 25 - 6. Let k(a) = -2*a**2 + 6*a - 7. Let j be k(6). Let x = 195 + j. Calculate the highest common factor of x and o.
19
Let x(k) = -k**2 + 27*k - 19. Let r be x(20). What is the highest common divisor of r and 11?
11
Let y be -4*5/(-2) + -1. What is the greatest common divisor of y and 1?
1
Let i(j) = -5*j - 9. Let k be i(-4). Calculate the highest common divisor of 11 and k.
11
Suppose 65*k = 61*k + 64. What is the highest common divisor of 8 and k?
8
Let i(q) = 3*q**2 - 2*q + 5. Let d be i(4). Suppose -4*u - u + d = 0. Let s = 31 - u. What is the highest common divisor of s and 2?
2
Let b(t) = t**2 + 7*t - 14. Let w be b(-9). Let q = -3 + 5. Suppose q*u - 2*k = 76, -2*k - 1 = -5. What is the highest common factor of u and w?
4
Let b be 2/(-7) - 12/(-42). Let d be 11 + 2 + -2 + b. Let w = d + 4. Calculate the highest common factor of w and 10.
5
Let c = 7 + 24. Calculate the greatest common factor of 155 and c.
31
Let s(j) = -j**2 + 10*j - 8. Let b be s(8). Let t be -40*(-2 + 1 + -1). Suppose -z + 8 = z, l - t = -4*z. What is the greatest common divisor of b and l?
8
Suppose 2*q - 88 = -24. What is the greatest common divisor of q and 64?
32
Let n be 1*2/((-2)/7). Let i = n - -22. Let v be 5*((-18)/i)/(-1). What is the highest common factor of 6 and v?
6
Suppose 0 = t + 2*w - 40, 0 = -t - 5*w + 19 + 18. Let y = 4 + -1. Suppose -m + 40 = 2*m - f, -46 = -y*m - 2*f. What is the highest common divisor of t and m?
14
Let r(k) = k**2 - 14*k - 3. Let l be r(15). Calculate the highest common factor of l and 3.
3
Suppose -7 = -3*j + 2. Suppose 3*g = -j*v + 288, -3*g - 3*v = -6*g + 288. Suppose 36 = b + 2*b. Calculate the highest common factor of g and b.
12
Suppose 2*g = -0*g + 4. Calculate the greatest common factor of 18 and g.
2
Let o(k) = k**2 - 6*k - 1. Let f be o(7). Let m = f - 1. Let q = m + -2. Calculate the highest common factor of 24 and q.
3
Let a be 44*(3 - (-20)/(-8)). What is the greatest common divisor of 44 and a?
22
Let p be 2816/55 - 2/10. Let h = p - 30. Calculate the greatest common factor of h and 21.
21
Suppose 28 = 4*g + 4*t, 6 = 3*t - 5*t. Calculate the greatest common factor of g and 10.
10
Suppose -70 + 2 = -3*j + 4*k, 0 = -2*j + 2*k + 46. Calculate the greatest common divisor of j and 36.
12
Let f(r) = -3*r - 5. Let h be f(5). Let k = h - -34. Suppose -4*i + 232 = 2*u, 0 = 3*i - i + 5*u - 132. Calculate the greatest common factor of k and i.
14
Let u(m) = -22*m + 1. Let p be u(-1). Suppose p + 1 = -4*n. Let r be n*(-2)/8*4. Calculate the greatest common factor of r and 12.
6
Suppose 0*s + 29 = -3*j + 5*s, -4*j = -3*s + 24. Let p be 2 + 122 + j + 0. Calculate the highest common divisor of p and 11.
11
Let f(g) = -29*g**2 - 2*g - 1. Let q be f(-1). Let a = q + 68. Calculate the greatest common divisor of a and 100.
20
Let x = 10 - 8. What is the greatest common factor of x and 3?
1
Let k = 23 + -19. Suppose -2*o + 44 = 3*m, -o = -3*m + k*o + 37. What is the highest common divisor of 2 and m?
2
Suppose -t + 6 + 12 = 0. Let v = -14 + 23. Suppose -i + v - 3 = 0. What is the highest common factor of i and t?
6
Let z(w) = 7*w**2 + 1. Let k be z(1). What is the highest common divisor of 24 and k?
8
Let p be 9/((-45)/10)*-23. What is the greatest common factor of p and 230?
46
Suppose 0*f = f - 9. Let z be 1185/12 - (-1)/4. Calculate the greatest common factor of f and z.
9
Suppose -90 = -5*w - 4*q, 36 = -2*w + 4*w - q. Let z be (w - 2) + -1 + 1. What is the highest common factor of z and 8?
8
Suppose z = -i - 62 + 204, 4*z - 2*i - 580 = 0. Suppose 3*s - 102 = 114. Suppose g + 3*g - s = 0. Calculate the greatest common divisor of g and z.
18
Suppose 9 = d - 29. Let o = d + -27. What is the highest common divisor of o and 77?
11
Suppose -q - 2*q = -108. Suppose -4*y + 63 = -9. What is the greatest common divisor of q and y?
18
Let h(f) = -61*f**3 - 2*f**2 - 2*f - 1. Let o be h(-1). Let k(v) = 3*v + 10. Let u be k(10). Calculate the highest common factor of u and o.
20
Let a = 30 - 54. Let o = a - -25. Calculate the greatest common divisor of 5 and o.
1
Suppose 6 = -5*g - 4*w - 70, 2*g + 2*w = -32. Let t be -55*(g/15)/2. What is the highest common factor of 2 and t?
2
Suppose 0 = -0*x + 2*x - 28. Suppose -y + 2 = 0, 10 = -t + 2*t + 4*y. Calculate the highest common factor of x and t.
2
Let k = -73 - -90. What is the highest common factor of 119 and k?
17
Suppose 67 = 5*n + 7. Calculate the highest common factor of 3 and n.
3
Let g be (-2)/(-3)*12/8. Let u = -9 + 12. What is the highest common divisor of u and g?
1
Let i(s) = s**2 + 4*s - 3. Let m be i(-6). Calculate the greatest common factor of 63 and m.
9
Let z(b) = -b**3 + 13*b**2 - 11*b - 3. Let g be z(12). What is the highest common factor of g and 27?
9
Suppose -5 = -r + 4*v, 6*v - 10 = v. Suppose -3*y + r = 4. What is the greatest common factor of y and 30?
3
Let c(y) = -2*y. Let m = -5 + 6. Let b be c(m). Let i be -15*(8/6)/b. What is the greatest common divisor of 20 and i?
10
Suppose -5*x + 937 = 337. What is the greatest common factor of x and 15?
15
Suppose -g = -4*w - 27 - 25, -5*g + 140 = 4*w. What is the highest common factor of 8 and g?
8
Suppose 0 = -3*b - b + 5*n + 5, -n = b - 8. Suppose -3*z = -2*o + 18 - 102, 0 = b*z + o - 153. Calculate the greatest common factor of z and 75.
15
Suppose 0 = 5*y - 23 - 22. Let d = -1 + y. Let o(n) = n**2 - 9. Let t be o(-9). What is the highest common factor of d and t?
8
Let r(v) = 2*v + 11*v**2 - v + 8*v**2. Let p be r(-1). Let t = -3 + 5. What is the greatest common factor of t and p?
2
Let q be (-1197)/(-27)*(0 + 3). Calculate the greatest common factor of 19 and q.
19
Let g = 103 + -82. Suppose 3*x - 21 = -0*x - 4*q, -3 = x - 2*q. Calculate the highest common factor of g and x.
3
Suppose 4 = -2*x - 0. Let s be x/10 - (-102)/10. Calculate the highest common factor of s and 5.
5
Let u(p) = -p + 25. Let z be u(-8). Calculate the highest common factor of z and 3.
3
Let q(u) = u - 2. Let v be q(4). Suppose 0 = 3*z + v*z - 260. Calculate the greatest common factor of 13 and z.
13
Let m be (-35)/(-10) + (-6)/(-4). Suppose 40 = 4*d - 4*t, -m*t = 4*d + d - 50. Calculate the highest common factor of 110 and d.
10
Let h = -17 + 20. Calculate the greatest common divisor of h and 6.
3
Suppose -4*v + 32 = 2*u, 3*v - 5 - 9 = u. What is the greatest common divisor of v and 21?
3
Let z be (-6)/(-1) - 3/3. Let s(t) = -t + 10. Let j be s(5). Calculate the highest common factor of j and z.
5
Suppose 204 = 4*y + 28. Let r = y - 24. Calculate the highest common divisor of 40 and r.
20
Suppose -4*f + 305 = -0*f - 5*n, -4*f - 2*n = -326. Suppose -y = 3*y - 80. What is the greatest common divisor of f and y?
20
Let d = 5 - 2. What is the highest common factor of 15 and d?
3
Let d = 23 - 20. Calculate the greatest common divisor of 3 and d.
3
Let s(v) = -4 + 22*v**3 + 3 + 2*v + 0*v. Let w be s(1). What is the highest common divisor of w and 23?
23
Let m = 12 - 12. Suppose -3*v + 20 = 5, b - 3*v - 95 = m. Calculate the highest common divisor of b and 10.
10
Let s(w) = 3*w**3 - w**2 - 6*w + 2. Let o be s(4). What is the greatest common divisor of o and 22?
22
Suppose -3*y + y - 4*t = -10, t = 5*y - 25. Let p(n) = n**2 - 5*n + 3. Let j be p(y). Calculate the highest common factor of j and 9.
3
Suppose 3*s = 5*j + 69, -j = 4*s - 6*j - 87. Let u be 1/(-1) - (2 - s). What is the highest common factor of u and 165?
15
Suppose i - 1 - 2 = 0. Suppose x - 16 = -i. Let m = x + -2. Calculate the greatest common factor of 1 and m.
1
Suppose -10 - 60 = -h. What is the highest common divisor of 28 and h?
14
Suppose 3780 = 6*u + 12*u. Calculate the greatest common divisor of 84 and u.
42
Let f(z) be the third derivative of z**2 + 1/6*z**4 + z**3 - 3/20*z**5 + 1/120*z**6 + 0*z + 0. Let g be f(9). What is the greatest common divisor of g and 7?
7
Let j be 6/(1*-3) + 3. Let d = j - 0. Suppose -5 = -x + d. Calculate the highest common factor of 30 an